n base 4, what is -3013001 + -10?
-3013011
In base 2, what is 100 + -111110111?
-111110011
In base 3, what is -20100101 + 11021?
-20012010
In base 10, what is 162769 - 1?
162768
In base 14, what is -55a + 4?
-556
In base 16, what is 0 - 2921?
-2921
In base 13, what is -13 + -14a2?
-14b5
In base 10, what is -275 + -3158?
-3433
In base 10, what is 8 - 2826?
-2818
In base 11, what is 4240 + 139?
4379
In base 10, what is 365404 + 0?
365404
In base 15, what is 829 + -21?
808
In base 8, what is -1023570 + 0?
-1023570
In base 14, what is 3 + a64c2?
a64c5
In base 2, what is 10 - -10111000110101111?
10111000110110001
In base 10, what is -330 + 85?
-245
In base 12, what is 79220 + 11?
79231
In base 10, what is -121 + -5220?
-5341
In base 15, what is -14 + a6ce?
a6ba
In base 8, what is -7660275 + 5?
-7660270
In base 7, what is 522 + -143?
346
In base 10, what is 37143 + 53?
37196
In base 9, what is -3554546 + 5?
-3554541
In base 16, what is 1 - -260f?
2610
In base 10, what is -262 - -460?
198
In base 2, what is 1001 - -10101000110001101?
10101000110010110
In base 12, what is 48323 - 0?
48323
In base 14, what is -209 - 15?
-220
In base 9, what is -6066104 + 0?
-6066104
In base 2, what is 110010111110 + 1?
110010111111
In base 12, what is 87697 - -5?
876a0
In base 12, what is -243a26 - 0?
-243a26
In base 15, what is -3a5 + -c?
-3b2
In base 10, what is -13698 + -9?
-13707
In base 2, what is -11 - 100011011010000?
-100011011010011
In base 2, what is 111110 - 110010010100101?
-110010001100111
In base 15, what is -244 + -a63?
-ca7
In base 11, what is 194 + 280?
464
In base 16, what is 198 + 16e5?
187d
In base 6, what is -3 + -422503?
-422510
In base 14, what is 3a42d - -8?
3a437
In base 13, what is -6 - -461?
458
In base 9, what is -1 - 547?
-548
In base 14, what is 8 - -1700a8?
1700b2
In base 10, what is -13 + 114651?
114638
In base 2, what is -111000100101001110 - -1?
-111000100101001101
In base 2, what is -1001100010111011 + -100?
-1001100010111111
In base 9, what is -2 - -2346764?
2346762
In base 3, what is -111 - -1222202?
1222021
In base 15, what is -12b + 26?
-105
In base 5, what is -14 - 3340414?
-3340433
In base 15, what is 122b1 - -1?
122b2
In base 13, what is -41b4 + 8?
-41a9
In base 7, what is -42225 + 25?
-42200
In base 3, what is -1201 - -12020?
10112
In base 10, what is -295 - -1?
-294
In base 5, what is -10234 + 4322?
-412
In base 10, what is -133255 + 1?
-133254
In base 9, what is -814 - -17317?
16403
In base 16, what is -154 + 77f?
62b
In base 3, what is -11 - 110121221?
-110122002
In base 9, what is -507 - 81?
-588
In base 14, what is 4 - a05?
-a01
In base 5, what is 13310001 - -10?
13310011
In base 7, what is -65301 + 0?
-65301
In base 12, what is 15 - b77?
-b62
In base 13, what is -1c - 1643?
-1662
In base 12, what is 7 + b701?
b708
In base 14, what is 8cb9 - 48?
8c71
In base 4, what is -3003032 - -1332?
-3001100
In base 12, what is -180a - 352?
-1b60
In base 4, what is 210302 + -3021?
201221
In base 15, what is 1b - -5599?
55b5
In base 12, what is 161 + -16a?
-9
In base 8, what is 154563 + 4?
154567
In base 3, what is -11 + 111100220221?
111100220210
In base 6, what is 2033212 - -4?
2033220
In base 11, what is -1975 - -16?
-195a
In base 2, what is 10000001000110 + -1110100?
1111111010010
In base 12, what is 66449b - 5?
664496
In base 2, what is 10110010110101110 - 1?
10110010110101101
In base 10, what is -2 - -13113?
13111
In base 3, what is 102 - -2222220102?
2222220211
In base 16, what is 11 + -6111?
-6100
In base 3, what is -10100100 - -21111?
-10001212
In base 6, what is 425320 - -5?
425325
In base 15, what is 1538 + -5?
1533
In base 2, what is -1111111011100001 + 0?
-1111111011100001
In base 7, what is 2 + -545002?
-545000
In base 11, what is 0 - -1a1112?
1a1112
In base 12, what is -4 + -303a?
-3042
In base 4, what is -1012221221 + -2?
-1012221223
In base 9, what is 1337632 + 5?
1337637
In base 5, what is 2 - -3111140?
3111142
In base 7, what is 0 + -2136452?
-2136452
In base 6, what is -20 + 153555?
153535
In base 11, what is -44 + 6733?
669a
In base 16, what is -69d5 + -4c?
-6a21
In base 8, what is -1 + 1062376?
1062375
In base 9, what is -25 + -1073?
-1108
In base 7, what is -32 - 14660?
-15022
In base 14, what is 7 + -112075?
-11206c
In base 8, what is 7 - -2262125?
2262134
In base 12, what is 8b - -274?
343
In base 10, what is -2234 - -623?
-1611
In base 12, what is 25a - 4b9a?
-4940
In base 9, what is 141 - -863?
1114
In base 4, what is -30000 - 212002?
-302002
In base 3, what is -121000 - -111?
-120112
In base 14, what is -b7d - -32?
-b4b
In base 12, what is -41a994 - 4?
-41a998
In base 14, what is 1bb - 36?
185
In base 7, what is 32442 + -3?
32436
In base 7, what is -5242 + -1?
-5243
In base 14, what is 621 + b6?
6d7
In base 6, what is -1432534 + 0?
-1432534
In base 8, what is -17373 + -61?
-17454
In base 11, what is -424 + -203?
-627
In base 11, what is 92955 - 2?
92953
In base 5, what is 40201 + -10322?
24324
In base 8, what is -4614745 - 5?
-4614752
In base 14, what is -711d + ac?
-7051
In base 6, what is -2330 - 155?
-2525
In base 15, what is -9a - -da9?
d0e
In base 8, what is -651 - -1613?
742
In base 6, what is 112020 + 433?
112453
In base 4, what is 30 + -200011?
-133321
In base 16, what is -3c99d + 8?
-3c995
In base 12, what is 538 - 3507?
-2b8b
In base 3, what is 2211001102 + 20?
2211001122
In base 8, what is -350 + -13754?
-14324
In base 10, what is -156 + -25637?
-25793
In base 3, what is -12 - -11000110202?
11000110120
In base 3, what is -1 - -221011211?
221011210
In base 15, what is -2 + 71c8?
71c6
In base 6, what is -123413 + -35?
-123452
In base 11, what is -3 + 4a369?
4a366
In base 16, what is -222b1 - 3?
-222b4
In base 12, what is -2841 + 15?
-2828
In base 13, what is -93 + -1?
-94
In base 5, what is 3204 - -42?
3301
In base 15, what is 31915 - 3?
31912
In base 3, what is 22210 + 102022001?
102121211
In base 8, what is -36776 + 13?
-36763
In base 8, what is 321006 + 30?
321036
In base 8, what is 24 - -11307?
11333
In base 13, what is -1204 - 40?
-1244
In base 11, what is -38a3 - 2?
-38a5
In base 11, what is 123 + -313?
-1a0
In base 11, what is -98 - -281?
194
In base 2, what is -1100011000000010 - 11110?
-1100011000100000
In base 7, what is 2 - 164054?
-164052
In base 4, what is 1012231 + 101?
1012332
In base 7, what is 3 + -41124?
-41121
In base 2, what is 11 + -1010100?
-1010001
In base 8, what is -11 + -35233?
-35244
In base 5, what is 1320041 + -110?
1314431
In base 5, what is -14 + 12002443?
12002424
In base 9, what is -81 + -48?
-140
In base 12, what is -26 - -5678?
5652
In base 7, what is 201 - 200526?
-200325
In base 10, what is 5 - -301457?
301462
In base 11, what is 1a423 + -56?
1a378
In base 7, what is 1 + 416253?
416254
In base 3, what is -12 - -2102020211?
2102020122
In base 3, what is 12 - 12102101020?
-12102101001
In base 7, what is -2 - -24160?
24155
In base 16, what is -ea7 + -564?
-140b
In base 15, what is -441 - 3?
-444
In base 10, what is -155 - -164?
9
In base 14, what is -9667 - -10?
-9657
In base 6, what is -44 + 542?
454
In base 14, what is c424b - -5?
c4252
In base 6, what is -3321 + -50?
-3411
In base 14, what is 119 + 188?
2a3
In base 10, what is -499 - 2191?
-2690
In base 14, what is 7846 - -31?
7877
In base 10, what is 52 - 203?
-151
In base 7, what is 5 + -14121?
-14113
In base 6, what is -31332 + -143?
-31515
In base 14, what is 22 + -2d0?
-2ac
In base 2, what is 111000100010101 - 110?
111000100001111
In base 3, what is 211122120 - -1?
211122121
In base 12, what is -1395522 + 1?
-1395521
In base 12, what is 269 - -1a0a?
2077
In base 7, what is 2 + -20402426?
-20402424
In base 7, what is 1515 - 51?
1434
In base 15, what is -195 + 636?
491
In base 11, what is -10080 + -7?
-10087
In base 8, what is -123636 - -4?
-123632
In base 14, what is -3 + 40886?
40883
In base 8, what is 107026 + 55?
107103
In base 14, what is -35 - 144b?
-1482
In base 14, what is 677cb + 4?
677d1
In base 4, what is -23213320 - -211?
-23213103
In base 16, what is -1 + 3596c?
3596b
In base 13, what is -25c + -1299?
-1528
In base 12, what is 1b76 - -15?
1b8b
In base 6, what is -35130 + 2?
-35124
In base 16, what is -2 + -36a?
-36c
In base 2, what is 10 - -101110000111011?
101110000111101
In base 9, what is 